tor of 8820 and 684.
36
Calculate the greatest common divisor of 57 and 474069.
57
Calculate the greatest common divisor of 585 and 3675.
15
What is the highest common factor of 227556 and 432?
108
Calculate the greatest common divisor of 6670 and 505.
5
What is the highest common factor of 7700 and 2926?
154
Calculate the greatest common factor of 6 and 7646.
2
What is the highest common divisor of 185382 and 54?
54
What is the highest common factor of 1584 and 7436?
44
What is the greatest common divisor of 106 and 14494016?
106
Calculate the greatest common factor of 30 and 63465.
15
Calculate the highest common factor of 6192 and 45795.
129
What is the highest common factor of 3818133 and 18?
9
Calculate the greatest common factor of 31475 and 1525.
25
What is the highest common divisor of 964123 and 53?
53
What is the greatest common divisor of 42 and 10695?
3
Calculate the greatest common divisor of 166 and 1438141.
83
Calculate the greatest common divisor of 32960 and 15680.
320
Calculate the highest common divisor of 56412 and 372.
12
Calculate the highest common factor of 3260 and 685.
5
What is the highest common factor of 10764 and 6552?
468
What is the highest common factor of 8961 and 2472?
309
Calculate the greatest common divisor of 61 and 38491.
61
What is the highest common divisor of 43560 and 80?
40
What is the greatest common divisor of 686 and 3437?
7
What is the greatest common factor of 215 and 60845?
215
Calculate the highest common divisor of 154 and 31988.
22
Calculate the greatest common factor of 1295 and 10568495.
1295
What is the highest common factor of 236690 and 10?
10
What is the greatest common factor of 344999 and 1077?
359
Calculate the highest common divisor of 399648 and 69.
69
What is the greatest common factor of 52 and 12884?
4
What is the greatest common divisor of 56291 and 311?
311
What is the greatest common divisor of 42 and 80592?
6
What is the highest common divisor of 51 and 5976843?
51
What is the highest common factor of 517 and 1363?
47
Calculate the greatest common divisor of 18 and 267318.
18
What is the greatest common factor of 16915 and 1020?
85
Calculate the greatest common factor of 615360 and 960.
960
What is the highest common factor of 21 and 13391?
7
What is the greatest common divisor of 2052 and 341468?
76
Calculate the highest common divisor of 41111 and 3430.
49
What is the highest common factor of 1491 and 82068?
21
What is the greatest common factor of 4782701 and 77?
77
What is the greatest common divisor of 305754 and 7074?
786
Calculate the highest common factor of 6028 and 673492.
548
What is the highest common factor of 352 and 59576?
88
What is the highest common divisor of 10153 and 11297?
143
Calculate the highest common factor of 166 and 50879.
83
What is the greatest common divisor of 75325 and 4025?
575
What is the greatest common divisor of 855 and 5895?
45
Calculate the highest common factor of 40318 and 1216.
38
What is the highest common divisor of 25721 and 356?
89
Calculate the greatest common divisor of 318 and 4830.
6
What is the greatest common divisor of 5895306 and 18?
18
Calculate the highest common divisor of 1175 and 330.
5
What is the highest common factor of 14697 and 8004?
69
Calculate the highest common factor of 35 and 9715.
5
Calculate the greatest common divisor of 29490 and 90.
30
Calculate the greatest common divisor of 309 and 34093.
103
What is the highest common factor of 3781587 and 10095?
2019
Calculate the highest common factor of 31329 and 9381.
177
Calculate the greatest common divisor of 156 and 137566.
26
What is the highest common factor of 487 and 26?
1
What is the highest common divisor of 2136 and 3984?
24
What is the greatest common factor of 200070 and 12870?
1170
What is the greatest common divisor of 81 and 444231?
27
What is the greatest common factor of 1424735 and 1906?
953
Calculate the highest common divisor of 4347 and 412804.
161
What is the greatest common factor of 1724 and 357299?
431
Calculate the highest common factor of 2008259 and 88.
11
Calculate the highest common divisor of 1059936 and 183.
183
Calculate the highest common factor of 109 and 6104.
109
Calculate the highest common divisor of 63453 and 598.
13
What is the highest common factor of 1 and 183495?
1
What is the greatest common factor of 25344 and 7656?
264
Calculate the highest common divisor of 6 and 252366.
6
What is the greatest common divisor of 72 and 270774?
18
Calculate the highest common factor of 1547 and 48671.
119
What is the greatest common factor of 6377 and 1?
1
Calculate the highest common factor of 5406379 and 22.
11
What is the highest common divisor of 46100 and 550?
50
What is the greatest common factor of 70 and 13622?
14
Calculate the highest common divisor of 168747 and 9.
3
Calculate the greatest common divisor of 44 and 55.
11
Calculate the greatest common factor of 32430 and 552.
138
Calculate the greatest common divisor of 425 and 646.
17
Calculate the greatest common factor of 282 and 57716.
94
What is the greatest common divisor of 386 and 979668?
386
Calculate the greatest common divisor of 16771 and 48149.
541
Calculate the highest common divisor of 72062 and 2192.
274
Calculate the highest common factor of 64636 and 2717.
143
Calculate the highest common divisor of 40013 and 1.
1
What is the highest common factor of 23828 and 1323?
7
Calculate the highest common factor of 9090 and 315.
45
Calculate the greatest common divisor of 5088 and 463856.
848
Calculate the highest common divisor of 10040 and 24.
8
What is the highest common factor of 15 and 803880?
15
What is the greatest common divisor of 2222 and 682?
22
What is the highest common factor of 86116 and 164?
4
What is the highest common divisor of 536 and 6964?
4
What is the greatest common divisor of 18465 and 9848?
1231
Calculate the highest common divisor of 57500 and 4968.
92
Calculate the greatest common factor of 12 and 109314.
6
What is the greatest common factor of 4346 and 1230?
82
Calculate the greatest common factor of 43008 and 480.
96
Calculate the highest common divisor of 4857485 and 230.
115
What is the greatest common divisor of 33294 and 24344?
358
Calculate the greatest common factor of 752427 and 15696.
981
What is the greatest common factor of 418 and 4158?
22
Calculate the greatest common divisor of 442 and 4654.
26
What is the greatest common factor of 46 and 992?
2
Calculate the highest common factor of 96 and 131220.
12
Calculate the highest common divisor of 22103 and 35650.
713
What is the greatest common divisor of 980 and 22645?
35
What is the greatest common factor of 397 and 697926?
397
Calculate the highest common factor of 3405817 and 23.
23
What is the highest common divisor of 90848 and 1496?
136
Calculate the highest common factor of 69 and 1843979.
23
What is the highest common factor of 7708 and 12032?
188
Calculate the highest common factor of 4848 and 444198.
606
Calculate the highest common factor of 20600 and 36.
4
Calculate the greatest common divisor of 58756 and 4367.
397
Calculate the greatest common factor of 1180 and 42820.
20
What is the highest common factor of 9303 and 2457?
21
Calculate the greatest common factor of 5157 and 2592.
27
What is the greatest common divisor of 70 and 9190?
10
What is the greatest common divisor of 3648 and 24928?
608
What is the highest common divisor of 9468 and 108?
36
Calculate the greatest common divisor of 230222 and 430.
86
What is the highest common divisor of 92 and 3804?
4
What is the greatest common divisor of 5 and 3947?
1
Calculate the greatest common divisor of 11571 and 9.
3
What is the highest common factor of 33 and 25927?
11
Calculate the highest common factor of 171 and 1521.
9
Calculate the greatest common factor of 384488 and 52.
52
Calculate the highest common divisor of 595 and 1785.
595
Calculate the highest common divisor of 76 and 33421.
19
Calculate the greatest common divisor of 1326857 and 259.
259
What is the greatest common divisor of 4537 and 7?
1
Calculate the highest common factor of 21600 and 1920.
480
Calculate the highest common factor of 1286603 and 129.
43
Calculate the highest common divisor of 4 and 147724.
4
What is the greatest common 